{"id":824,"date":"2018-09-20T14:47:43","date_gmt":"2018-09-20T12:47:43","guid":{"rendered":"http:\/\/www.jpime.com\/blog\/?page_id=824"},"modified":"2019-02-05T21:40:55","modified_gmt":"2019-02-05T20:40:55","slug":"villegiatures","status":"publish","type":"page","link":"https:\/\/www.jpime.com\/blog\/villegiatures\/","title":{"rendered":"Vill\u00e9giatures"},"content":{"rendered":"<p>Sur le menu d\u00e9roulant, choisissez la location d\u2019un studio ou d\u2019un T2 et les conditions associ\u00e9es.<\/p>\n<p>Si le planning le permet, prix et conditions de r\u00e9servation vous int\u00e9ressent, veuillez laisser un message sur le formulaires ci-dessous.<br \/>Nous vous confirmerons les disponibilit\u00e9s, et vous enverrons les contrat de location avec toues les informations n\u00e9c\u00e9ssaires.<\/p>\n<p>Pour toute info compl\u00e9mentaire, nous laisser un message.<\/p>\n<p>Merci<\/p>\n\n\n<p><\/p>\n","protected":false},"excerpt":{"rendered":"<p>Sur le menu d\u00e9roulant, choisissez la location d\u2019un studio ou d\u2019un T2 et les conditions associ\u00e9es. Si le planning le permet, prix et conditions de r\u00e9servation vous int\u00e9ressent, veuillez laisser un message sur le formulaires ci-dessous.Nous vous confirmerons les disponibilit\u00e9s, et vous enverrons les contrat de location avec toues les informations n\u00e9c\u00e9ssaires. Pour toute info compl\u00e9mentaire, nous laisser un message. Merci<\/p>\n","protected":false},"author":1,"featured_media":356,"parent":0,"menu_order":0,"comment_status":"closed","ping_status":"closed","template":"","meta":{"footnotes":""},"class_list":["post-824","page","type-page","status-publish","has-post-thumbnail","hentry"],"_links":{"self":[{"href":"https:\/\/www.jpime.com\/blog\/wp-json\/wp\/v2\/pages\/824","targetHints":{"allow":["GET"]}}],"collection":[{"href":"https:\/\/www.jpime.com\/blog\/wp-json\/wp\/v2\/pages"}],"about":[{"href":"https:\/\/www.jpime.com\/blog\/wp-json\/wp\/v2\/types\/page"}],"author":[{"embeddable":true,"href":"https:\/\/www.jpime.com\/blog\/wp-json\/wp\/v2\/users\/1"}],"replies":[{"embeddable":true,"href":"https:\/\/www.jpime.com\/blog\/wp-json\/wp\/v2\/comments?post=824"}],"version-history":[{"count":16,"href":"https:\/\/www.jpime.com\/blog\/wp-json\/wp\/v2\/pages\/824\/revisions"}],"predecessor-version":[{"id":1009,"href":"https:\/\/www.jpime.com\/blog\/wp-json\/wp\/v2\/pages\/824\/revisions\/1009"}],"wp:featuredmedia":[{"embeddable":true,"href":"https:\/\/www.jpime.com\/blog\/wp-json\/wp\/v2\/media\/356"}],"wp:attachment":[{"href":"https:\/\/www.jpime.com\/blog\/wp-json\/wp\/v2\/media?parent=824"}],"curies":[{"name":"wp","href":"https:\/\/api.w.org\/{rel}","templated":true}]}}